{"id":680,"date":"2015-08-19T15:26:22","date_gmt":"2015-08-19T18:26:22","guid":{"rendered":"http:\/\/jorgetabajara.com\/?page_id=680"},"modified":"2023-07-13T09:20:56","modified_gmt":"2023-07-13T12:20:56","slug":"jorge-tabajara","status":"publish","type":"page","link":"https:\/\/jorgetabajara.com\/?page_id=680","title":{"rendered":"Jorge Tabajara"},"content":{"rendered":"<p><img fetchpriority=\"high\" decoding=\"async\" class=\"aligncenter size-full wp-image-1163\" src=\"https:\/\/jorgetabajara.com\/wp-content\/uploads\/2018\/03\/about1-2.png\" alt=\"\" width=\"800\" height=\"301\" srcset=\"https:\/\/jorgetabajara.com\/wp-content\/uploads\/2018\/03\/about1-2.png 800w, https:\/\/jorgetabajara.com\/wp-content\/uploads\/2018\/03\/about1-2-300x113.png 300w, https:\/\/jorgetabajara.com\/wp-content\/uploads\/2018\/03\/about1-2-768x289.png 768w\" sizes=\"(max-width: 800px) 100vw, 800px\" \/><\/p>\n<p>P\u00f3s-Graduado em Design Gr\u00e1fico pela UNISINOS e graduado em Design pela Universidade Luterana do Brasil (ULBRA). Ilustra no seu est\u00fadio para diversas empresas e nichos de mercado.<\/p>\n<p><em>Graphic Design post-graduate in UNISINOS and Design graduated in Lutheran University of Brazil (ULBRA). Illustrates in his studio for several companies and markets niches. <\/em><\/p>\n<p>E-mail: jktabajara@gmail.com<\/p>\n<p>Fone: (51) 985408941<\/p>\n<p><img decoding=\"async\" class=\"alignnone wp-image-875 size-full\" src=\"https:\/\/jorgetabajara.com\/wp-content\/uploads\/2016\/11\/about2.png\" alt=\"about2\" width=\"800\" height=\"725\" srcset=\"https:\/\/jorgetabajara.com\/wp-content\/uploads\/2016\/11\/about2.png 800w, https:\/\/jorgetabajara.com\/wp-content\/uploads\/2016\/11\/about2-300x272.png 300w, https:\/\/jorgetabajara.com\/wp-content\/uploads\/2016\/11\/about2-768x696.png 768w\" sizes=\"(max-width: 800px) 100vw, 800px\" \/><\/p>\n<p><img decoding=\"async\" class=\"alignnone wp-image-385 size-full\" src=\"https:\/\/jorgetabajara.com\/wp-content\/uploads\/2015\/05\/jt1.jpg\" alt=\"jt\" width=\"800\" height=\"323\" srcset=\"https:\/\/jorgetabajara.com\/wp-content\/uploads\/2015\/05\/jt1.jpg 800w, https:\/\/jorgetabajara.com\/wp-content\/uploads\/2015\/05\/jt1-300x121.jpg 300w\" sizes=\"(max-width: 800px) 100vw, 800px\" \/><\/p>\n","protected":false},"excerpt":{"rendered":"<p>P\u00f3s-Graduado em Design Gr\u00e1fico pela UNISINOS e graduado em Design pela Universidade Luterana do Brasil (ULBRA). Ilustra no seu est\u00fadio para diversas empresas e nichos de mercado. Graphic Design post-graduate in UNISINOS and Design graduated in Lutheran University of Brazil (ULBRA). Illustrates in his studio for several companies and markets niches. E-mail: jktabajara@gmail.com Fone: (51) [&hellip;]<\/p>\n","protected":false},"author":3,"featured_media":0,"parent":0,"menu_order":0,"comment_status":"open","ping_status":"open","template":"","meta":{"footnotes":""},"class_list":["post-680","page","type-page","status-publish","hentry"],"_links":{"self":[{"href":"https:\/\/jorgetabajara.com\/index.php?rest_route=\/wp\/v2\/pages\/680","targetHints":{"allow":["GET"]}}],"collection":[{"href":"https:\/\/jorgetabajara.com\/index.php?rest_route=\/wp\/v2\/pages"}],"about":[{"href":"https:\/\/jorgetabajara.com\/index.php?rest_route=\/wp\/v2\/types\/page"}],"author":[{"embeddable":true,"href":"https:\/\/jorgetabajara.com\/index.php?rest_route=\/wp\/v2\/users\/3"}],"replies":[{"embeddable":true,"href":"https:\/\/jorgetabajara.com\/index.php?rest_route=%2Fwp%2Fv2%2Fcomments&post=680"}],"version-history":[{"count":60,"href":"https:\/\/jorgetabajara.com\/index.php?rest_route=\/wp\/v2\/pages\/680\/revisions"}],"predecessor-version":[{"id":1840,"href":"https:\/\/jorgetabajara.com\/index.php?rest_route=\/wp\/v2\/pages\/680\/revisions\/1840"}],"wp:attachment":[{"href":"https:\/\/jorgetabajara.com\/index.php?rest_route=%2Fwp%2Fv2%2Fmedia&parent=680"}],"curies":[{"name":"wp","href":"https:\/\/api.w.org\/{rel}","templated":true}]}}